{"id":1291,"date":"2025-04-23T02:39:06","date_gmt":"2025-04-23T02:39:06","guid":{"rendered":"https:\/\/atenealuxury.com\/?post_type=product&#038;p=1291"},"modified":"2026-03-19T14:01:36","modified_gmt":"2026-03-19T14:01:36","slug":"paco-rabanne-1-million-elixir-intense-para-hombre-100-ml","status":"publish","type":"product","link":"https:\/\/atenealuxury.com\/?product=paco-rabanne-1-million-elixir-intense-para-hombre-100-ml","title":{"rendered":"Paco Rabanne 1 Million Elixir Intense para Hombre 100 ML"},"content":{"rendered":"<p><span style=\"font-weight: 400;\">Una fragancia que refleja lujo, sofisticaci\u00f3n y una masculinidad cautivadora .Se presenta en un frasco ic\u00f3nico, inspirado en el dise\u00f1o \u00fanico de la marca, que destaca por su brillo dorado y su forma en barra. El aroma, en\u00e9rgico y envolvente, est\u00e1 dise\u00f1ado para aquellos que buscan dejar una huella memorable en cada lugar que pisan.<\/span><\/p>\n<ul>\n<li><b>Notas de cabeza: <\/b>Rosa de Damasco, Davana y Manzana.<\/li>\n<li><b>Notas de coraz\u00f3n:<\/b> Osmanthus y Madera de Cedro.<\/li>\n<li><b>Notas de fondo: <\/b>Absoluto de Vainilla, Haba Tonka y Pachuli.<\/li>\n<\/ul>\n<h3><b>MODO DE USO<\/b><\/h3>\n<p>Para prolongar el aroma durante m\u00e1s tiempo, aplica tu fragancia en el interior de las mu\u00f1ecas y detr\u00e1s del l\u00f3bulo de las orejas. Estas zonas de pulso tienen una temperatura superior al resto del cuerpo, y esto ayudar\u00e1 a que la fragancia se evapore m\u00e1s lentamente. Aplicar perfume directamente sobre la ropa, puede manchar, da\u00f1ar y alterar el tejido.<\/p>\n<p>&nbsp;<\/p>\n","protected":false},"excerpt":{"rendered":"<ul>\n<li aria-level=\"1\">Familia olfativa Amaderada Arom\u00e1tica<\/li>\n<li style=\"font-weight: 400;\" aria-level=\"1\"><span style=\"font-weight: 400;\">Tama\u00f1o \/ Presentaci\u00f3n: 100ml<\/span><\/li>\n<li style=\"font-weight: 400;\" aria-level=\"1\"><span style=\"font-weight: 400;\">Marca: Paco Rabanne<\/span><\/li>\n<\/ul>\n","protected":false},"featured_media":3614,"comment_status":"open","ping_status":"closed","template":"","meta":{"_monsterinsights_skip_tracking":false,"_monsterinsights_sitenote_active":false,"_monsterinsights_sitenote_note":"","_monsterinsights_sitenote_category":0,"_kadence_starter_templates_imported_post":false,"_kad_post_transparent":"default","_kad_post_title":"","_kad_post_layout":"default","_kad_post_sidebar_id":"","_kad_post_content_style":"default","_kad_post_vertical_padding":"default","_kad_post_feature":"","_kad_post_feature_position":"","_kad_post_header":false,"_kad_post_footer":false,"_kad_post_classname":"","_joinchat":[]},"product_brand":[],"product_cat":[63,42],"product_tag":[32,31],"class_list":{"0":"post-1291","1":"product","2":"type-product","3":"status-publish","4":"has-post-thumbnail","6":"product_cat-disenador","7":"product_cat-hombres","8":"product_tag-hola","9":"product_tag-salado","11":"first","12":"instock","13":"sale","14":"taxable","15":"shipping-taxable","16":"purchasable","17":"product-type-simple","18":"entry","19":"content-bg","20":"loop-entry"},"yoast_head":"<!-- This site is optimized with the Yoast SEO plugin v25.4 - https:\/\/yoast.com\/wordpress\/plugins\/seo\/ -->\n<title>Paco Rabanne 1 Million Elixir Intense para Hombre 100 ML | atenealuxury.com<\/title>\n<meta name=\"robots\" content=\"index, follow, max-snippet:-1, max-image-preview:large, max-video-preview:-1\" \/>\n<link rel=\"canonical\" href=\"https:\/\/atenealuxury.com\/?product=paco-rabanne-1-million-elixir-intense-para-hombre-100-ml\" \/>\n<meta property=\"og:locale\" content=\"es_ES\" \/>\n<meta property=\"og:type\" content=\"article\" \/>\n<meta property=\"og:title\" content=\"Paco Rabanne 1 Million Elixir Intense para Hombre 100 ML | atenealuxury.com\" \/>\n<meta property=\"og:description\" content=\"Familia olfativa Amaderada Arom\u00e1tica  Tama\u00f1o \/ Presentaci\u00f3n: 100ml  Marca: Paco Rabanne\" \/>\n<meta property=\"og:url\" content=\"https:\/\/atenealuxury.com\/?product=paco-rabanne-1-million-elixir-intense-para-hombre-100-ml\" \/>\n<meta property=\"og:site_name\" content=\"atenealuxury.com\" \/>\n<meta property=\"article:modified_time\" content=\"2026-03-19T14:01:36+00:00\" \/>\n<meta property=\"og:image\" content=\"https:\/\/atenealuxury.com\/wp-content\/uploads\/2025\/04\/WhatsApp-Image-2025-04-26-at-3.38.31-AM.jpeg\" \/>\n\t<meta property=\"og:image:width\" content=\"1200\" \/>\n\t<meta property=\"og:image:height\" content=\"1600\" \/>\n\t<meta property=\"og:image:type\" content=\"image\/jpeg\" \/>\n<meta name=\"twitter:card\" content=\"summary_large_image\" \/>\n<meta name=\"twitter:label1\" content=\"Tiempo de lectura\" \/>\n\t<meta name=\"twitter:data1\" content=\"1 minuto\" \/>\n<script type=\"application\/ld+json\" class=\"yoast-schema-graph\">{\"@context\":\"https:\/\/schema.org\",\"@graph\":[{\"@type\":\"WebPage\",\"@id\":\"https:\/\/atenealuxury.com\/?product=paco-rabanne-1-million-elixir-intense-para-hombre-100-ml\",\"url\":\"https:\/\/atenealuxury.com\/?product=paco-rabanne-1-million-elixir-intense-para-hombre-100-ml\",\"name\":\"Paco Rabanne 1 Million Elixir Intense para Hombre 100 ML | atenealuxury.com\",\"isPartOf\":{\"@id\":\"https:\/\/atenealuxury.com\/#website\"},\"primaryImageOfPage\":{\"@id\":\"https:\/\/atenealuxury.com\/?product=paco-rabanne-1-million-elixir-intense-para-hombre-100-ml#primaryimage\"},\"image\":{\"@id\":\"https:\/\/atenealuxury.com\/?product=paco-rabanne-1-million-elixir-intense-para-hombre-100-ml#primaryimage\"},\"thumbnailUrl\":\"https:\/\/atenealuxury.com\/wp-content\/uploads\/2025\/04\/WhatsApp-Image-2025-04-26-at-3.38.31-AM.jpeg\",\"datePublished\":\"2025-04-23T02:39:06+00:00\",\"dateModified\":\"2026-03-19T14:01:36+00:00\",\"breadcrumb\":{\"@id\":\"https:\/\/atenealuxury.com\/?product=paco-rabanne-1-million-elixir-intense-para-hombre-100-ml#breadcrumb\"},\"inLanguage\":\"es\",\"potentialAction\":[{\"@type\":\"ReadAction\",\"target\":[\"https:\/\/atenealuxury.com\/?product=paco-rabanne-1-million-elixir-intense-para-hombre-100-ml\"]}]},{\"@type\":\"ImageObject\",\"inLanguage\":\"es\",\"@id\":\"https:\/\/atenealuxury.com\/?product=paco-rabanne-1-million-elixir-intense-para-hombre-100-ml#primaryimage\",\"url\":\"https:\/\/atenealuxury.com\/wp-content\/uploads\/2025\/04\/WhatsApp-Image-2025-04-26-at-3.38.31-AM.jpeg\",\"contentUrl\":\"https:\/\/atenealuxury.com\/wp-content\/uploads\/2025\/04\/WhatsApp-Image-2025-04-26-at-3.38.31-AM.jpeg\",\"width\":1200,\"height\":1600},{\"@type\":\"BreadcrumbList\",\"@id\":\"https:\/\/atenealuxury.com\/?product=paco-rabanne-1-million-elixir-intense-para-hombre-100-ml#breadcrumb\",\"itemListElement\":[{\"@type\":\"ListItem\",\"position\":1,\"name\":\"Inicio\",\"item\":\"https:\/\/atenealuxury.com\/\"},{\"@type\":\"ListItem\",\"position\":2,\"name\":\"Tienda\",\"item\":\"https:\/\/atenealuxury.com\/?page_id=3488\"},{\"@type\":\"ListItem\",\"position\":3,\"name\":\"Paco Rabanne 1 Million Elixir Intense para Hombre 100 ML\"}]},{\"@type\":\"WebSite\",\"@id\":\"https:\/\/atenealuxury.com\/#website\",\"url\":\"https:\/\/atenealuxury.com\/\",\"name\":\"Atenea Luxury\",\"description\":\"Tienda de perfumes \u00e1rabes, de nicho y dise\u00f1ador para \u00e9l y para ella.\",\"publisher\":{\"@id\":\"https:\/\/atenealuxury.com\/#organization\"},\"alternateName\":\"atenea luxury\",\"potentialAction\":[{\"@type\":\"SearchAction\",\"target\":{\"@type\":\"EntryPoint\",\"urlTemplate\":\"https:\/\/atenealuxury.com\/?s={search_term_string}\"},\"query-input\":{\"@type\":\"PropertyValueSpecification\",\"valueRequired\":true,\"valueName\":\"search_term_string\"}}],\"inLanguage\":\"es\"},{\"@type\":\"Organization\",\"@id\":\"https:\/\/atenealuxury.com\/#organization\",\"name\":\"Atenea Luxury\",\"alternateName\":\"atenealuxury.com\",\"url\":\"https:\/\/atenealuxury.com\/\",\"logo\":{\"@type\":\"ImageObject\",\"inLanguage\":\"es\",\"@id\":\"https:\/\/atenealuxury.com\/#\/schema\/logo\/image\/\",\"url\":\"https:\/\/atenealuxury.com\/wp-content\/uploads\/2025\/04\/cropped-ICONO-ATENEA-LUXURY.png\",\"contentUrl\":\"https:\/\/atenealuxury.com\/wp-content\/uploads\/2025\/04\/cropped-ICONO-ATENEA-LUXURY.png\",\"width\":512,\"height\":512,\"caption\":\"Atenea Luxury\"},\"image\":{\"@id\":\"https:\/\/atenealuxury.com\/#\/schema\/logo\/image\/\"}}]}<\/script>\n<!-- \/ Yoast SEO plugin. -->","yoast_head_json":{"title":"Paco Rabanne 1 Million Elixir Intense para Hombre 100 ML | atenealuxury.com","robots":{"index":"index","follow":"follow","max-snippet":"max-snippet:-1","max-image-preview":"max-image-preview:large","max-video-preview":"max-video-preview:-1"},"canonical":"https:\/\/atenealuxury.com\/?product=paco-rabanne-1-million-elixir-intense-para-hombre-100-ml","og_locale":"es_ES","og_type":"article","og_title":"Paco Rabanne 1 Million Elixir Intense para Hombre 100 ML | atenealuxury.com","og_description":"Familia olfativa Amaderada Arom\u00e1tica  Tama\u00f1o \/ Presentaci\u00f3n: 100ml  Marca: Paco Rabanne","og_url":"https:\/\/atenealuxury.com\/?product=paco-rabanne-1-million-elixir-intense-para-hombre-100-ml","og_site_name":"atenealuxury.com","article_modified_time":"2026-03-19T14:01:36+00:00","og_image":[{"width":1200,"height":1600,"url":"https:\/\/atenealuxury.com\/wp-content\/uploads\/2025\/04\/WhatsApp-Image-2025-04-26-at-3.38.31-AM.jpeg","type":"image\/jpeg"}],"twitter_card":"summary_large_image","twitter_misc":{"Tiempo de lectura":"1 minuto"},"schema":{"@context":"https:\/\/schema.org","@graph":[{"@type":"WebPage","@id":"https:\/\/atenealuxury.com\/?product=paco-rabanne-1-million-elixir-intense-para-hombre-100-ml","url":"https:\/\/atenealuxury.com\/?product=paco-rabanne-1-million-elixir-intense-para-hombre-100-ml","name":"Paco Rabanne 1 Million Elixir Intense para Hombre 100 ML | atenealuxury.com","isPartOf":{"@id":"https:\/\/atenealuxury.com\/#website"},"primaryImageOfPage":{"@id":"https:\/\/atenealuxury.com\/?product=paco-rabanne-1-million-elixir-intense-para-hombre-100-ml#primaryimage"},"image":{"@id":"https:\/\/atenealuxury.com\/?product=paco-rabanne-1-million-elixir-intense-para-hombre-100-ml#primaryimage"},"thumbnailUrl":"https:\/\/atenealuxury.com\/wp-content\/uploads\/2025\/04\/WhatsApp-Image-2025-04-26-at-3.38.31-AM.jpeg","datePublished":"2025-04-23T02:39:06+00:00","dateModified":"2026-03-19T14:01:36+00:00","breadcrumb":{"@id":"https:\/\/atenealuxury.com\/?product=paco-rabanne-1-million-elixir-intense-para-hombre-100-ml#breadcrumb"},"inLanguage":"es","potentialAction":[{"@type":"ReadAction","target":["https:\/\/atenealuxury.com\/?product=paco-rabanne-1-million-elixir-intense-para-hombre-100-ml"]}]},{"@type":"ImageObject","inLanguage":"es","@id":"https:\/\/atenealuxury.com\/?product=paco-rabanne-1-million-elixir-intense-para-hombre-100-ml#primaryimage","url":"https:\/\/atenealuxury.com\/wp-content\/uploads\/2025\/04\/WhatsApp-Image-2025-04-26-at-3.38.31-AM.jpeg","contentUrl":"https:\/\/atenealuxury.com\/wp-content\/uploads\/2025\/04\/WhatsApp-Image-2025-04-26-at-3.38.31-AM.jpeg","width":1200,"height":1600},{"@type":"BreadcrumbList","@id":"https:\/\/atenealuxury.com\/?product=paco-rabanne-1-million-elixir-intense-para-hombre-100-ml#breadcrumb","itemListElement":[{"@type":"ListItem","position":1,"name":"Inicio","item":"https:\/\/atenealuxury.com\/"},{"@type":"ListItem","position":2,"name":"Tienda","item":"https:\/\/atenealuxury.com\/?page_id=3488"},{"@type":"ListItem","position":3,"name":"Paco Rabanne 1 Million Elixir Intense para Hombre 100 ML"}]},{"@type":"WebSite","@id":"https:\/\/atenealuxury.com\/#website","url":"https:\/\/atenealuxury.com\/","name":"Atenea Luxury","description":"Tienda de perfumes \u00e1rabes, de nicho y dise\u00f1ador para \u00e9l y para ella.","publisher":{"@id":"https:\/\/atenealuxury.com\/#organization"},"alternateName":"atenea luxury","potentialAction":[{"@type":"SearchAction","target":{"@type":"EntryPoint","urlTemplate":"https:\/\/atenealuxury.com\/?s={search_term_string}"},"query-input":{"@type":"PropertyValueSpecification","valueRequired":true,"valueName":"search_term_string"}}],"inLanguage":"es"},{"@type":"Organization","@id":"https:\/\/atenealuxury.com\/#organization","name":"Atenea Luxury","alternateName":"atenealuxury.com","url":"https:\/\/atenealuxury.com\/","logo":{"@type":"ImageObject","inLanguage":"es","@id":"https:\/\/atenealuxury.com\/#\/schema\/logo\/image\/","url":"https:\/\/atenealuxury.com\/wp-content\/uploads\/2025\/04\/cropped-ICONO-ATENEA-LUXURY.png","contentUrl":"https:\/\/atenealuxury.com\/wp-content\/uploads\/2025\/04\/cropped-ICONO-ATENEA-LUXURY.png","width":512,"height":512,"caption":"Atenea Luxury"},"image":{"@id":"https:\/\/atenealuxury.com\/#\/schema\/logo\/image\/"}}]}},"jetpack_sharing_enabled":true,"_links":{"self":[{"href":"https:\/\/atenealuxury.com\/index.php?rest_route=\/wp\/v2\/product\/1291","targetHints":{"allow":["GET"]}}],"collection":[{"href":"https:\/\/atenealuxury.com\/index.php?rest_route=\/wp\/v2\/product"}],"about":[{"href":"https:\/\/atenealuxury.com\/index.php?rest_route=\/wp\/v2\/types\/product"}],"replies":[{"embeddable":true,"href":"https:\/\/atenealuxury.com\/index.php?rest_route=%2Fwp%2Fv2%2Fcomments&post=1291"}],"wp:featuredmedia":[{"embeddable":true,"href":"https:\/\/atenealuxury.com\/index.php?rest_route=\/wp\/v2\/media\/3614"}],"wp:attachment":[{"href":"https:\/\/atenealuxury.com\/index.php?rest_route=%2Fwp%2Fv2%2Fmedia&parent=1291"}],"wp:term":[{"taxonomy":"product_brand","embeddable":true,"href":"https:\/\/atenealuxury.com\/index.php?rest_route=%2Fwp%2Fv2%2Fproduct_brand&post=1291"},{"taxonomy":"product_cat","embeddable":true,"href":"https:\/\/atenealuxury.com\/index.php?rest_route=%2Fwp%2Fv2%2Fproduct_cat&post=1291"},{"taxonomy":"product_tag","embeddable":true,"href":"https:\/\/atenealuxury.com\/index.php?rest_route=%2Fwp%2Fv2%2Fproduct_tag&post=1291"}],"curies":[{"name":"wp","href":"https:\/\/api.w.org\/{rel}","templated":true}]}}